visor of k and 3913?
91
Let r be (22/4 + -5)*24/6. Suppose q - 97 = -5*w, q - 4*q = r*w - 44. What is the greatest common factor of w and 361?
19
Suppose -2*d + 5414 = 4*w, -3*w - 922 = -d - 4970. Calculate the highest common divisor of 386 and w.
193
Suppose -8533 - 3062 = -14*p + 13143. What is the highest common divisor of 31 and p?
31
Suppose -a + 6*a - 305 = 0. Let n = a + -8. Let j be 2/(-72)*-9 - 422/(-8). Calculate the highest common divisor of j and n.
53
Let r be 3482 - 8*(-3 + (-49)/(-14)). Calculate the highest common factor of r and 74.
74
Let l(i) = 30*i**2 + 1. Let y be l(-1). Suppose -6*z + y = -23. Suppose -4*o = -a - 3 + 21, -3*a = 5*o - 54. Calculate the highest common factor of a and z.
9
Let l be -2 - 3/3 - -14. Suppose -3*z = l - 47. Suppose -49*u + 4669 + 1799 = 0. Calculate the greatest common divisor of z and u.
12
Let n(z) = z**3 - 17*z**2 + 2*z - 6. Let m be n(17). Suppose 3*h - 95 = 67. Let t be 9/h + (-46)/(-12). What is the highest common factor of t and m?
4
Let g = -3298 + 3325. What is the highest common divisor of 810 and g?
27
Let q be 6/9*(-6111)/14. Let x = q - -297. Suppose 2*m + 2*m - 284 = -5*u, 2*u - 140 = -2*m. What is the highest common factor of x and m?
6
Suppose 19*z - 72 - 42 = 0. Let f be 15 - ((-42)/63)/((-4)/z). Calculate the greatest common factor of 14 and f.
14
Let o = -9 + -3. Let l be o/8 + (-70)/(-4). Let z = 41 - l. What is the greatest common divisor of z and 5?
5
Let q(i) = -59*i - 481. Let p be q(-11). What is the highest common divisor of p and 2478?
42
Suppose 0 = 6*n - n - 2*y - 29, -3*n + 3*y + 12 = 0. Let b(i) = 64*i - 2115. Let q be b(33). Let j = n - q. What is the greatest common factor of 35 and j?
5
Let l(m) = -m**2 + 8*m + 44. Let i be l(11). Let t(d) = 2 - 12*d - 4 - 1 - 4. Let a be t(-7). Calculate the highest common factor of a and i.
11
Suppose -75 = 3*a - 6*a. Let t(n) = n**2 - 27*n - 18. Let y be t(-13). Let m = y + -327. What is the greatest common divisor of m and a?
25
Let s(m) = 8*m + 1. Suppose 33 + 3 = -18*j. Let v be s(j). Let o be v*(-5)/(-5)*(-10)/6. What is the greatest common divisor of 15 and o?
5
Suppose 12*q = 139 + 101. Calculate the highest common factor of q and 340.
20
Let x be (-198)/(-55) - 166600/(-250). Let v = 31 - 21. What is the highest common divisor of x and v?
10
Let w be -40*(84/(-20))/7. Suppose -6*n = -12*n + w. Calculate the greatest common divisor of n and 4.
4
Let o = -3140 - -3160. Calculate the highest common factor of o and 230.
10
Suppose -l = -4*b - 3*l + 58, l + 16 = b. Let m(f) = -2*f**3 + 108*f**2 + 107*f + 168. Let t be m(55). Calculate the highest common factor of t and b.
3
Let k(x) = 7086*x**2 + 26*x + 25. Let j be k(-1). What is the highest common factor of 65 and j?
65
Suppose -a - 4*v = v + 85, -3*a = -v + 175. Let y = 3148 + -3067. Let x = a + y. What is the highest common divisor of 189 and x?
21
Let b(w) = -w**3 - 8*w**2 - 11*w - 48. Let r be b(-7). Let f(u) = u**2 + 13*u - 130. Let v be f(r). Calculate the greatest common factor of 470 and v.
10
Let y be (-108)/(-16)*(132/(-18))/11*-76. Calculate the highest common factor of 4826 and y.
38
Suppose -25*n + 11*n + 644 = 0. Suppose 4*z + 3*g - 18 = n, 4*g - 80 = -5*z. Suppose -2*d = d - 24. What is the highest common factor of z and d?
8
Let h(r) = -49*r + 100. Let v be h(0). Let p(y) = y**2 + 19*y + 26. Let t be p(-18). Calculate the greatest common factor of t and v.
4
Suppose -3*s + 5*u = u - 1853, 3*s - 5*u = 1858. Calculate the greatest common divisor of s and 39.
13
Let x(k) = 39*k**2 - 295*k - 20. Let o be x(8). What is the greatest common factor of 240 and o?
4
Let t(n) = n**2 + 13*n + 20. Let r be t(-8). Let v be (5 + 3)*-141*r/48. Calculate the highest common divisor of v and 10.
10
Suppose 0 = -2*r - 0*r + 8. Suppose r = -s + 2*q, -4*s + 7*q - 3*q = 4. Let d be 440/(-150)*-5 - 2/3. What is the greatest common factor of s and d?
2
Let b(f) = -2*f**3 - 59*f**2 - 32*f - 73. Let t be b(-29). What is the greatest common divisor of 3591 and t?
7
Let m(h) = 37*h**2 + 187*h - 22. Let p be m(-23). What is the highest common factor of p and 122?
122
Let j = -2 - -17. Let o = -89193 - -89598. Calculate the highest common divisor of o and j.
15
Let s = -2 - -3. Let v be (1 + -5)*1 + 17928/996. What is the highest common divisor of v and s?
1
Suppose -98*s + 62*s + 23544 = 0. Calculate the greatest common factor of 24 and s.
6
Let m = 10 + -6. Let r = 14 + m. Suppose 0 = 618*y - 630*y + 144. What is the highest common factor of y and r?
6
Suppose 2*g + 2*q + 2*q = 1458, 5*g - 5*q = 3585. Let o be (-52)/260 - g/(-5). What is the greatest common divisor of o and 96?
48
Let w(q) = q**3 + 9*q**2 - 13*q + 38. Let d be w(7). What is the greatest common factor of 68 and d?
17
Let i(n) = n**3 - 2*n**2 - 39*n + 516. Let o be i(14). Calculate the greatest common factor of o and 216.
54
Suppose -5*l = 3 + 27. Let b be (-20)/l*72/40. Calculate the highest common factor of b and 66.
6
Suppose 0 = 2*y + f - 668, 5*y - 26*f = -21*f + 1685. Calculate the greatest common divisor of 30 and y.
5
Let x be 1*(8 - (-1 + 3)). Let j(r) = 4*r**2 + 2*r - 14. Let y be j(3). Suppose -966 = -y*a + 5*a. What is the highest common factor of x and a?
6
Let d be (-27600)/(-36800)*(21 - (-3*2/(-3) + -1)). Suppose a + 83 = x, 3*a = -8*x + 3*x + 431. What is the highest common factor of x and d?
5
Suppose 41*c = 21*c + 160. What is the highest common factor of c and 306?
2
Suppose 4*m = -s + 407, 2*s - 11 + 115 = m. Let p be 12/m - 32711/(-119). What is the greatest common factor of 110 and p?
55
Suppose l - 2144 = 577*k - 580*k, -3*l = -5*k + 3550. What is the greatest common factor of 31 and k?
31
Suppose 3*n + 4*d = 17715 - 3738, 13*n + d = 60665. What is the greatest common divisor of n and 78?
13
Let l(z) = z**2 + 97*z - 1505. Let g be l(14). Calculate the highest common divisor of 343 and g.
49
Suppose -4*d = -123*i + 127*i - 47740, 5*d = -4*i + 47733. What is the highest common divisor of i and 42?
14
Let q be 147390/405 - 16/(-216). What is the highest common divisor of 1144 and q?
52
Let a(j) = 4*j**2 - 7*j + 3. Let r be a(2). Suppose 2*c - 18 = 3*x + r, 4*c + 5*x - 79 = 0. Let s = 24 - c. What is the highest common factor of 8 and s?
8
Let r be 1*((0 - 4) + 3). Let n be (34/(-8))/(r/(-12)). Let p = n + 57. Calculate the greatest common divisor of p and 66.
6
Let u(z) = -4*z**2 - 28*z + 175. Let l be u(-10). Calculate the highest common factor of l and 3355.
55
Let d(w) = w**2 - 4*w + 12. Let p be d(-14). Let i(k) = -4 + 4 + 3*k - 3. Let y be i(9). What is the highest common factor of y and p?
24
Suppose -r + 0*r + 14 = 0. Suppose 4*q = 5*w + 14, 7*q - 10*q = -5*w - 8. What is the greatest common divisor of q and r?
2
Let o(g) = -31*g - 4. Let h be o(-1). Let b = h - 17. What is the highest common factor of b and 50?
10
Let j(u) = -u**3 + 20*u**2 - 22*u + 76. Let o be j(19). Suppose -509 = -11*n + o. What is the highest common factor of 48 and n?
48
Let v(i) be the first derivative of 7*i**3/3 - 23*i**2/2 - 5*i - 23. Let r be v(4). What is the greatest common divisor of r and 5?
5
Let r(u) be the second derivative of -6*u**2 - 13/6*u**3 + 31*u + 0. Let d be r(-4). What is the greatest common factor of d and 24?
8
Let p = -80 + 47. Let f be (42/(-28))/(3/8). Let x be (-72)/p + f*(-3)/(-66). Calculate the highest common divisor of 4 and x.
2
Let q(y) = y**2 + 20*y + 32. Suppose 2*n - 3*b - 28 = 3*n, 4*b = -2*n - 50. Let h be q(n). What is the greatest common factor of h and 208?
13
Let w = 1627 - 1623. Let i = 89 - 54. Suppose w*f - i = -f. What is the greatest common factor of 77 and f?
7
Let z be (4*4/(-8))/((-2)/5). Let n(p) = -p**2 + 14*p - 41. Let h be n(z). Calculate the highest common factor of 22 and h.
2
Let g be 18/(-12) - (418/(-4) - -5). Calculate the greatest common divisor of 88 and g.
2
Suppose 3*i + 106 = -b + 282, -4*b + 2*i + 760 = 0. Suppose -15*f + b = -22. Let x = -213 - -311. What is the greatest common factor of x and f?
14
Let f(r) = r**2 - 131*r - 665. Let w be f(-5). What is the greatest common factor of 225 and w?
15
Suppose -20*p = -34*p + 25060. Suppose -4*n + p = 2*s, -2*n + 444 = -n + 4*s. Calculate the highest common factor of 7 and n.
7
Let v = -400 + 403. Let u